nd 11281?
389
What is the highest common factor of 493 and 17?
17
What is the highest common factor of 2 and 11?
1
What is the greatest common divisor of 168 and 21?
21
What is the greatest common factor of 20 and 8?
4
Calculate the highest common factor of 144 and 504.
72
What is the greatest common divisor of 69 and 2967?
69
Calculate the greatest common divisor of 1242 and 46.
46
Calculate the highest common divisor of 1175 and 47.
47
Calculate the highest common factor of 196 and 108.
4
Calculate the highest common factor of 50 and 3125.
25
What is the greatest common factor of 975 and 78?
39
Calculate the greatest common divisor of 231 and 42.
21
Calculate the greatest common factor of 664 and 16.
8
What is the greatest common factor of 22 and 11?
11
What is the highest common divisor of 5365 and 15?
5
What is the highest common factor of 588 and 8967?
147
What is the greatest common divisor of 762 and 11938?
254
Calculate the highest common factor of 294 and 6.
6
What is the highest common factor of 222 and 12?
6
Calculate the highest common divisor of 1632 and 180.
12
What is the greatest common factor of 22 and 55?
11
Calculate the greatest common divisor of 11 and 913.
11
What is the greatest common divisor of 53008 and 16?
16
What is the highest common divisor of 1112 and 2085?
139
What is the greatest common factor of 20 and 365?
5
What is the greatest common divisor of 24 and 48?
24
Calculate the highest common factor of 338 and 247.
13
What is the greatest common divisor of 228 and 81?
3
What is the highest common divisor of 108 and 450?
18
What is the greatest common factor of 351 and 27?
27
Calculate the highest common factor of 600 and 42.
6
What is the greatest common factor of 78 and 429?
39
Calculate the greatest common factor of 184 and 42872.
184
What is the greatest common divisor of 2054 and 632?
158
Calculate the greatest common divisor of 209 and 38.
19
What is the greatest common divisor of 190 and 1406?
38
What is the greatest common factor of 603 and 9?
9
What is the highest common divisor of 319 and 22?
11
Calculate the highest common factor of 42 and 14.
14
Calculate the greatest common factor of 4 and 514.
2
What is the greatest common factor of 7427 and 35?
7
What is the greatest common divisor of 9 and 43?
1
What is the greatest common factor of 12694 and 22?
22
Calculate the highest common divisor of 22 and 561.
11
Calculate the highest common divisor of 288 and 32.
32
Calculate the greatest common factor of 136 and 1717.
17
What is the greatest common factor of 1040 and 130?
130
What is the greatest common divisor of 1180 and 100?
20
What is the greatest common divisor of 425 and 5?
5
What is the highest common factor of 20 and 590?
10
Calculate the highest common divisor of 9999 and 22.
11
Calculate the greatest common factor of 2 and 146.
2
What is the highest common divisor of 71 and 284?
71
What is the greatest common divisor of 1015 and 870?
145
What is the greatest common divisor of 46 and 46?
46
What is the greatest common factor of 70 and 40?
10
What is the greatest common factor of 17756 and 115?
23
What is the highest common factor of 2168 and 24?
8
Calculate the highest common factor of 134 and 1139.
67
Calculate the highest common factor of 3 and 96.
3
Calculate the highest common divisor of 154 and 126.
14
What is the greatest common divisor of 2 and 118?
2
What is the highest common factor of 26 and 1378?
26
What is the highest common divisor of 16 and 976?
16
What is the highest common factor of 1591 and 86?
43
Calculate the greatest common divisor of 22 and 275.
11
What is the highest common divisor of 2444 and 364?
52
Calculate the greatest common factor of 255 and 867.
51
What is the highest common factor of 63 and 77?
7
Calculate the highest common factor of 252 and 644.
28
What is the highest common factor of 88 and 8?
8
What is the greatest common divisor of 252 and 2604?
84
What is the greatest common divisor of 1210 and 440?
110
Calculate the greatest common divisor of 576 and 2032.
16
What is the greatest common divisor of 18 and 942?
6
What is the highest common factor of 2321 and 33?
11
What is the greatest common divisor of 1554 and 42?
42
Calculate the greatest common divisor of 105 and 189.
21
What is the greatest common divisor of 170 and 10?
10
Calculate the highest common factor of 15 and 170.
5
What is the greatest common factor of 15 and 7?
1
Calculate the highest common factor of 77 and 154.
77
Calculate the greatest common divisor of 2345 and 105.
35
What is the highest common factor of 396 and 3652?
44
What is the highest common divisor of 470 and 310?
10
What is the highest common divisor of 640 and 440?
40
Calculate the greatest common factor of 75 and 75.
75
What is the highest common divisor of 1688 and 144?
8
Calculate the highest common divisor of 32 and 2336.
32
Calculate the greatest common factor of 75470 and 10.
10
Calculate the greatest common divisor of 49 and 63.
7
Calculate the highest common divisor of 221 and 13.
13
What is the highest common factor of 2107 and 43?
43
What is the greatest common divisor of 133 and 7?
7
Calculate the greatest common divisor of 1131 and 57.
3
What is the greatest common divisor of 533 and 208?
13
What is the greatest common divisor of 1199 and 11?
11
Calculate the highest common factor of 120 and 4020.
60
Calculate the highest common divisor of 22 and 6094.
22
Calculate the highest common divisor of 1149 and 9.
3
Calculate the greatest common factor of 1584 and 704.
176
Calculate the greatest common divisor of 17 and 102.
17
Calculate the highest common factor of 850 and 400.
50
What is the greatest common factor of 56 and 3880?
8
Calculate the highest common factor of 32 and 9488.
16
Calculate the highest common divisor of 1056 and 24.
24
Calculate the greatest common divisor of 10 and 45.
5
Calculate the highest common factor of 100 and 2700.
100
What is the greatest common factor of 8079 and 1?
1
Calculate the greatest common factor of 26 and 39.
13
What is the greatest common factor of 28 and 5320?
28
Calculate the greatest common divisor of 20 and 220.
20
What is the highest common divisor of 25 and 800?
25
What is the highest common divisor of 36 and 117?
9
What is the greatest common factor of 44 and 13266?
22
What is the highest common divisor of 56 and 21?
7
What is the highest common divisor of 460 and 598?
46
What is the highest common divisor of 1177 and 3317?
107
Calculate the greatest common divisor of 644 and 112.
28
Calculate the greatest common factor of 166 and 2075.
83
Calculate the highest common factor of 4239 and 157.
157
What is the highest common divisor of 37729 and 87?
29
Calculate the greatest common factor of 8 and 328.
8
Calculate the highest common factor of 34238 and 34.
34
What is the highest common divisor of 378 and 28?
14
What is the highest common factor of 24 and 4528?
8
Calculate the highest common divisor of 144 and 594.
18
Calculate the highest common divisor of 192 and 24.
24
What is the highest common factor of 1580 and 20?
20
Calculate the highest common factor of 63 and 15519.
21
What is the highest common factor of 1407 and 6?
3
What is the greatest common divisor of 14575 and 110?
55
What is the highest common factor of 1310 and 80?
10
What is the greatest common divisor of 8 and 296?
8
What is the highest common divisor of 66 and 858?
66
Calculate the greatest common factor of 93 and 341.
31
What is the greatest common factor of 1722 and 4674?
246
What is the greatest common factor of 27 and 711?
9
Calculate the greatest common divisor of 124 and 961.
31
What is the greatest common factor of 111 and 17316?
111
What is the highest common divisor of 425 and 595?
85
Calculate the greatest common divisor of 81 and 540.
27
Calculate the greatest common divisor of 510 and 45.
15
What is the highest common factor of 7358 and 78?
26
Calculate the greatest common factor of 26 and 5291.
13
Calculate the highest common divisor of 39 and 52143.
39
What is the highest common divisor of 72 and 2286?
18
What is the greatest common divisor of 14 and 7658?
14
Calculate the greatest common factor of 3888 and 48.
48
What is the highest common divisor of 584 and 73?
73
What is the greatest comm